culate q(l).
0
Let a(q) = 5*q + 1. Suppose -3*s - 35 = -8*s. Let v(m) = -m**2 + 8*m - 4. Let y be v(s). Determine a(y).
16
Let p(u) = -u**3 + 25*u**2 + 60*u - 160. Let x be p(27). Let q(s) = 2*s**3 - 3*s**2 + 6*s - 4. Determine q(x).
12
Let y(f) = 9*f**3 - 2*f**2 + f - 2. Let v(w) = -8*w**3 + 3*w**2 - 2*w + 3. Let d(q) = 3*v(q) + 4*y(q). Suppose o = -4*a - 15, a = 6*o - 2*o - 8. Determine d(o).
12
Let z(l) = 12*l - 67. Let d be z(5). Let m(w) be the third derivative of -w**5/60 - w**4/6 + 7*w**3/6 - 8*w**2. Determine m(d).
-14
Suppose -7 + 41 = -2*w. Let m = w - -22. Let l(k) = -1 - k**2 + 4 + 11*k + 2 - m*k. Calculate l(4).
13
Let l(a) = -a**2 - 5*a + 12. Let u = 461 - 471. Give l(u).
-38
Let p = -184 + 2025. Let t(w) = p - 4*w**2 + 0*w**3 - 4*w - 1842 + w**3. Calculate t(5).
4
Let p(m) = -3*m + 9. Let g = -33 - -21. Let f be (-7)/(-3) + (-8)/g. Suppose r - 27 = -4*c, -f*c - r = -14 - 7. What is p(c)?
-9
Let t(f) = -f**2 - 4*f + 10. Let m(z) = -z**3 + 11*z**2 - 8*z - 25. Let g be m(10). Give t(g).
5
Let a(v) be the first derivative of v**3/3 - 3*v**2/2 - 8*v - 2. Let i be 1008/378*-6*3/(-8). Determine a(i).
10
Let c(q) = -11*q**2 - q - 3. Let h(f) = -16*f**2 - f - 4. Let a(b) = -7*c(b) + 5*h(b). Suppose -4*p = p + 30. Let o be ((-9)/p)/(6/8). What is a(o)?
-7
Let k(o) = -o**3 + 6*o**2 + o - 6. Let m(s) = s**3 + 4*s**2 + 7*s + 7. Let b be m(-2). Let z be -5*(24/(-20))/b. Give k(z).
0
Suppose 4*r + 2*r - 72 = 0. Suppose -3*n + 0 = r. Let y(l) = 1 - 2 + l + 8. Calculate y(n).
3
Let z = -315 - -317. Let a(h) be the first derivative of z - 1/2*h**2 + 4*h. Give a(0).
4
Let a(f) = -10*f - 8 + 34 - 9 - 11 - 9. Determine a(3).
-33
Let c(p) = -4*p + 3. Suppose 1278*f = 1282*f - 12. Determine c(f).
-9
Let d(h) = -5*h**3 - 4*h**2 + 6*h - 6. Let n(l) = -14*l**3 - 12*l**2 + 17*l - 17. Let y(f) = 17*d(f) - 6*n(f). Give y(4).
0
Let h(p) = 6*p**2 - 3 + p + 7*p**2 - 8*p**2 + p. Calculate h(-3).
36
Let r(t) = t**3 - 8*t**2 + 5*t - 3. Let v be ((-322)/138)/(1 - 8/6). Calculate r(v).
-17
Suppose -6*v + 15 = -3*v. Suppose -5*g = -c - 2, 5*c - v*g = -5 - 5. Let l(a) be the second derivative of -a**4/6 + a**3/6 + a**2/2 + 10*a. Determine l(c).
-9
Let o(c) = -c - 13. Suppose -87 = 5*a - 3*y, 4*y - 13 = a - y. What is o(a)?
5
Suppose 5*g = 2*u + 7, u + 2 = -4*u - 3*g. Let x = -2 + 12. Let r(v) = 1 - 1 - x*v - 1. Calculate r(u).
9
Let c(f) = -10 + 3*f + 8 - 2*f. Suppose 57 = -4*n - 3*k + 12, 2*k + 22 = -2*n. Let j = n + 17. Give c(j).
3
Let w(y) = -y**2 + 8*y - 1. Suppose 5*c + 20 - 68 = 2*d, 4*c + 8 = 0. Let n be -4 + (d - 4)/(-3). What is w(n)?
6
Let u = 1581 - 189719/120. Let s(d) be the third derivative of 7/6*d**3 + 1/60*d**5 + 0 - 1/24*d**4 + 0*d - u*d**6 - 4*d**2. Give s(0).
7
Let h(w) be the third derivative of -w**5/60 - 5*w**3/3 + 3*w**2 + 11*w. Give h(0).
-10
Let t(o) = 2 - 1 - 329*o**2 + 328*o**2 - 7*o. What is t(-4)?
13
Let r(p) = 7*p + 23. Let d(i) = -i - 7. Let g be d(-3). Let j(c) = -3*c - 11. Let x(o) = g*r(o) - 9*j(o). Let u be (3 - -3)/3 - -5. What is x(u)?
0
Let m(n) be the third derivative of n**5/30 - n**4/6 + 2*n**3/3 + n**2. Let d(p) = 5*p**2 - 78*p - 79. Let l be d(-1). What is m(l)?
20
Let y(r) = -2*r**2 + 2*r + 4. Let m(u) = u**2 - 10*u + 12. Let l be m(9). What is y(l)?
-8
Let o(l) = -3*l. Let f(k) = -9*k - 1. Let a(m) = f(m) - 4*o(m). Give a(-2).
-7
Let b be (-3)/(4/10 - (3 - 2)). Let v be (b - 3 - -3) + -1 + 2. Let r(a) = -a + 4. Calculate r(v).
-2
Let m(a) = a**2 + a + 2. Let g be m(0). Let q be ((-4)/4)/(g/4). Let i(k) = -4*k**2 - 2. Let x(y) = -5*y**2 + y - 2. Let w(n) = 3*i(n) - 2*x(n). Give w(q).
-6
Let n(c) = 27 + 19*c + 15*c - c**2 - 34*c - 12. Calculate n(0).
15
Let y(u) be the third derivative of -u**5/60 - u**4/12 - u**3/2 + 20*u**2. Let w(c) = -c**2 + 6*c - 3. Let q be w(6). Give y(q).
-6
Suppose -c + 6*x = 3*x + 1, 0 = -3*x + 3. Suppose 5 - 1 = c*w. Let m(i) = 0 + 1 - 2*i + 4*i - 2*i**3 - 6*i**3 + i**w. What is m(-1)?
8
Let p(j) be the second derivative of j**5/20 - j**4/12 + j**3/6 - j**2 + 2*j - 338. Suppose 0 = -3*i - 4*v - 2, -2*v - 5 = 4*i + 1. Calculate p(i).
-16
Let l(c) be the third derivative of 1/3*c**3 + 0 - 1/40*c**6 - 1/20*c**5 - 1/12*c**4 + 14*c**2 + 0*c. Calculate l(-2).
18
Let m = -965 - -961. Let w(z) = -z**2 - 8*z + 4. Give w(m).
20
Suppose 2*w - 125 = 201. Let m(g) = -162*g + 2*g**2 + w*g + g**3 - 3*g**3. What is m(2)?
-6
Let l(z) be the third derivative of z**5/60 - z**4/3 - 2*z**3/3 - 305*z**2. Determine l(9).
5
Let c(r) = r**3 - 26*r**2 - 155*r - 1. Let z be c(31). Let w(i) = 37*i**3 + i**2 - 1. Determine w(z).
-37
Let h(l) = -l**2 - 5*l + 7. Let i(k) = k - 6. Let z be i(6). Let g = z - -5. Suppose g*q + 36 = -3*r, 3*q - 2*r = -0*r - 14. Determine h(q).
1
Let i(d) be the first derivative of -d**3/3 - 11*d**2/2 - 11*d - 124. Calculate i(-9).
7
Let g(s) = -s**2 - 7*s - 4. Let r(d) = d - 45. Let q(h) = h - 90. Let z(y) = -2*q(y) + 5*r(y). Let c be z(13). What is g(c)?
2
Suppose 0 = 14*g + 15*g. Let u(m) = -4 - 2*m + m + 2*m + 3. Calculate u(g).
-1
Let p(q) = q**2 - q + 7. Suppose 4*l = 3*l. Let u be (-1)/3*l/10. Calculate p(u).
7
Let n = 228 + -230. Let x(h) = 3*h**3 + 4*h**2 + h - 3. Determine x(n).
-13
Let j(k) be the third derivative of 0*k + 0 + 32*k**2 - 1/6*k**3 + 1/12*k**4 + 1/10*k**5. What is j(1)?
7
Let h(r) = r**2 - 6*r - 6. Let b = 282 + -276. Give h(b).
-6
Suppose 0 = 4*g - 4*i + 12, 7*g = 2*g - 5*i + 15. Let n(c) = c - 4. Let j be n(g). Let v(s) = -s**3 - 3*s**2 + 3*s + 6. Calculate v(j).
10
Suppose -3*r = -11*r + 40. Let b(a) = r*a + 0*a - a - 2 + 5. Calculate b(-4).
-13
Let i(j) = j**3 + 4*j**2 - 7*j + 1. Suppose m - 4*m + 9 = 0. Suppose 19 = -m*a + 4. Determine i(a).
11
Suppose 23 = 3*n - 0*n - 5*j, 4*j = -4*n - 12. Let b(i) = i**2 + i - 1. Let f(u) = u**3 + u**2 + 10*u - 9. Let k(y) = n*f(y) - 5*b(y). Give k(3).
2
Let y(k) = 4*k**3 - 16*k**2 - 21*k + 10. Let t(h) = -3*h**3 + 11*h**2 + 15*h - 7. Let b(j) = 7*t(j) + 5*y(j). Let l be (3 + -2)/(2/(-6)). Give b(l).
1
Let a(d) be the third derivative of 1/12*d**4 - 9*d**2 + 0 - 1/60*d**5 + 0*d + 1/6*d**3. Suppose -4*v - 4*i = -20, 0 = -2*v + 3*v - 4*i + 5. Give a(v).
-2
Let x(j) = -3*j**3 - 18*j**2 + 5. Suppose -23 = 4*t - 5*z + 26, -5*t + 5*z - 55 = 0. Calculate x(t).
5
Let m(t) = -t + 7. Suppose -51 = -5*x - 11. Let r be (1 - (-11)/(-2))*(-216)/243. Suppose 0 = n - 3*p + r, -n + 0*p = p - x. Determine m(n).
2
Let x(j) be the third derivative of j**5/60 + j**4/3 - 2*j**3/3 + 5*j**2. Suppose 3*t + 3 = 0, -t = 5*l - 3*t + 43. What is x(l)?
5
Let p(c) = c**3 - c**2 + 6. Suppose -5*a = -v + 16, 2*a - 3 - 27 = -v. Let x = -1 + v. Suppose 3*i - z - 8 = -3, 5*z + x = 5*i. Determine p(i).
6
Let x = -710 + 720. Let v(j) = j + 7. What is v(x)?
17
Let v(m) be the third derivative of -m**4/12 - 811*m**2. Calculate v(4).
-8
Let z(h) = -h + 26. Let k be z(8). Suppose k + 2 = -3*q - j, 16 = -2*q + 2*j. Let y(o) = o**2 + 7*o + 6. Calculate y(q).
6
Let h(b) = 9 + 2*b + 3*b - 3*b. Let m(z) = z**2 + 14*z + 27. Let p be m(-11). Give h(p).
-3
Let b(f) = -f**2 - 8*f - 15. Let d(k) = -k**3 - 18*k**2 - 47*k - 35. Let a be d(-15). Give b(a).
0
Let g(d) = -3 + 58*d + 32*d - 86*d + 1 - d**2. Calculate g(5).
-7
Let c = 317 + -316. Let q(w) be the second derivative of -w**5/10 + w**4/12 - w**2/2 - 4*w. Calculate q(c).
-2
Let x(o) = o**2 - 6*o - 6. Let s be x(6). Let a(m) be the first derivative of -m**4/4 - 2*m**3 + 3*m - 4. What is a(s)?
3
Let c(d) = -5 + 2 - 2*d + 1. Let g = 35 - 31. Suppose g*t + 5 = -15. What is c(t)?
8
Let y(z) = z**2 + 6*z + 4. Let c be ((-5)/(-2))/(4/8). Suppose 4*l = 3*b + 8*l + 5, -c*b - 19 = 4*l. What is y(b)?
11
Let s be 0 - (-42)/8 - 25/100. Let j(z) = -3 + 15 - 2*z - 8 - 7*z**3 - s. Calculate j(-1).
8
Let c be (5/(-10))/((-1)/4). Let l(s) = -s**2 - 3*s - 5. Let a(g) = -2*g**2 - 3*g - 6. Let i(h) = 5*a(h) - 6*l(h). What is i(c)?
-10
Let h(c) be the third derivative of c**4/12 - c**3/6 + 30*c**2 - 2. Give h(-2).
-5
Suppose -5*s + 10*s = -110. Let o = s + 22. Let w(d) = -d - 5. Calculate w(o).
-5
Let s(i) = -13*i - 29. Let z(r) = 6*r + 14. Let q(c) = 4*s(c) + 9*z(c). Give q(-8).
-6
Let m(v) = -48*v - 7367*v**2 + 39*v + 7368*v**2 - 3. Let l(j) = -j**2 + 8*j - 6. Let u be l(5). What is m(u)?
-3
Let f be 1/4 - (-14)/8. Let o(k) = 5*k - f*k - 4*k +